 (-5 + -49 - -54)?
33
What is (-51 - -13) + 8 + (-41 - -13)?
-58
2 - -6 - (2 - -3) - (-12 + 12)
3
Calculate 47 + -2 - (34 - (14 - 13 - -24)).
36
(-185 - -176) + (2 + -1 - -20 - (-8 + 13))
7
Calculate (-12 - (-3 - -10 - 3)) + 7 + 1.
-8
(-74 + 71 - -74) + (20 - (4 + -2))
89
What is the value of -107 + -1 + (-1103 - -1205)?
-6
What is (-8 - 0) + -82 + 128 - (-9 - -2) - 11?
34
What is the value of -40 + -3 + (1 - (-8 + 1 - -12))?
-47
What is 2 + -24 + (-30 - (9 + -20)) - -18?
-23
Calculate -38 + 29 + -38 + 5 + 11 + -5.
-36
-86 - (7 + -8 + -3 + -6 - -18)
-94
Evaluate 16 - (-59 - -54 - -7).
14
7 + 14 - 9 - (-3 - (1 - 74))
-58
Calculate 15 + (-225 - -254 - (8 + -1)).
37
Calculate 5 - -16 - (-201 + 199) - 103.
-80
Calculate -84 + (-12 + 66 - -72).
42
Calculate (-14 - -49) + (28 - (6 - (16 + -16))).
57
(9 - (-6 + 105)) + (20 - ((-5 - -3) + 13))
-81
What is the value of (-142 - -249 - 45) + -126?
-64
What is -1 + 2 + -1 + -17 + (32 - 76)?
-61
What is -57 + (1 - -1) - ((-56 - -6) + 17 - -33)?
-55
What is (1 + (5 - 9) - -43) + -103 + 112?
49
Calculate (0 - -14) + -4 + -31 + 6 + -26 - 5.
-46
What is 105 + -21 + -27 + -108?
-51
Calculate 5 - (4 + 6 + -4 - -23 - -13).
-37
Calculate 26 + (-1 + -8 + 13 - (-11 + 32)).
9
Evaluate (-46 - (-5 + 2 + 3)) + -4 + 248 + -238.
-40
Calculate 38 + -2 + -1 + 4 + (11 - 5) + -11.
34
Calculate (90 + 11 - (-3 + 1)) + (17 - 26) + 22.
116
What is 125 - (-50 - -15 - -97)?
63
What is 1 + -14 + (-64 - (-28 - (-14 + -1)))?
-64
What is the value of 55 + (-7 + -3 - (0 + (-1 + -24 - -5)))?
65
What is (5 - -5 - 6) + 2 - ((-19 - 51) + 16)?
60
Calculate -50 + 65 + -22 + 13.
6
(1 - 2 - -5) + (-74 - (-67 - 32))
29
Calculate (-12 - (-49 + (4 - -11 - -9))) + (-30 - 1).
-18
Calculate -4 + -77 + (40 - (62 - 51)).
-52
Calculate 19 + -132 - (-19 + 35 - (6 - -9) - 13).
-101
What is the value of 4 + (-31 - -18) + 0 + 8 + -63?
-64
Calculate 11 + (19 + -11 - 24) + -6 - (41 - 13).
-39
Calculate -18 + 17 + 4 + 2 + -41 + 0 + 0.
-36
26 + -56 + 19 + 11 - 12
-12
What is 1 - 25 - (221 + (-289 - -44))?
0
Calculate -9 + -12 - (-2 - (-6 + 19)).
-6
Evaluate -13 + -3 - (73 - 60 - 8).
-21
84 + -99 + -11 + -16
-42
What is the value of -11 - ((-3 - -2) + 14 + -3 + 27)?
-48
Calculate (1347 - 1314) + -12 + 1 - (-11 + -8).
41
-72 - (24 - 36) - (11 + -12 + (0 - -6))
-65
-23 - -65 - (4 + -1 + -5 + 9 - -5)
30
What is (-18 - -13) + -14 + -13 - -1?
-31
What is the value of -47 - (-44 + 14) - (-23 - -1)?
5
Calculate -1 + (-12 - -2) - (-45 + 78 + 61).
-105
Calculate -14 + 9 + -6 + 11 - ((-3 - -2) + 0).
1
What is 11 + (-46 - -26) + 1 + 1 + -31 + 1?
-37
What is the value of -87 - (-271 - (-270 - -135))?
49
Evaluate (-22 - (5 - (18 - -6)) - 1) + -6.
-10
(-13 - (1 - 24)) + 24 + (-1 - 2)
31
What is the value of 8106 + -8178 - (0 - -23)?
-95
Evaluate (-7 - -8) + -6 + (-3 - -2) - (213 + -158).
-61
What is 0 + 14 + -3 + -11 + -9 + 131 - 9?
113
Evaluate 47 - (-2 + -14 + 68).
-5
Evaluate -111 + 78 + 72 + -151.
-112
Calculate (24 + -59 - -8) + 34 + 18.
25
224 + -217 - (-2 - (7 - (5 + -2)))
13
Evaluate -3 + 3 + 68 + -147 + 69.
-10
What is the value of 0 - (4 - -3) - ((-10 - -26) + -37) - 87?
-73
(-12 - 2) + (28 - 13) + 9
10
What is -6 - (3 + -3) - (-10 - -11) - -32?
25
What is the value of (358 - 351) + -4 + 3 + 3 - (40 + -3)?
-28
Evaluate -71 + -47 + 112 + -29.
-35
Calculate (59 - -42 - 77) + -7 + 0.
17
Calculate -7 + (106 - 0) - 0 - (173 + -154).
80
-504 + 620 + (2 - -9)
127
What is the value of 8 + -18 + -4 - 0 - -10?
-4
What is the value of (37 - 58) + (23 + -1 - 7 - 5)?
-11
Evaluate (-38 - (-12 - -50)) + 23.
-53
Calculate (0 - -12 - 6) + -65 - ((21 - 20) + -8).
-52
9 + 8 + -6 + -60 + (13 - 25)
-61
What is the value of 15 + -4 - -11 - 22 - (-1 + -44)?
45
12 + (89 - 35 - 69)
-3
2 + -5 + 96 - (-14 + 23 - 22)
106
Calculate 55 - ((37 - (-20 - -27)) + -18).
43
39 + 41 + -6 - 73
1
What is -27 + 34 + (10 - -20)?
37
Calculate 11 - (7 - (-6 + -2) - 20).
16
What is -18 + -2 - -1 - (14 + 244 + -309)?
32
Evaluate 0 + 12 + 21 + 0 + (31 - 46).
18
Evaluate (4 - 66 - 3) + (-16 - (-32 + -6) - 8).
-51
Evaluate 77 - (37 + -26 + (2 - 8)) - (3 + 6).
63
Evaluate (7 - 2) + 27 + (-4 + 0 - (6 - 16)).
38
What is 5 + 0 + 13 + -9 - (-361 - -335)?
35
Calculate 1 + 67 + (9 + -6 - (-16 - -26)).
61
44 + (52 + -29 - 24 - -12)
55
What is (16 + -12 - 0) + 23 - 5 - -15?
37
Evaluate 70 - (-100 + 16) - 67.
87
Calculate 4 + (-54 - -19) + 31.
0
What is the value of 118 - (-4 + 8 - -36 - 7)?
85
Evaluate -35 - ((1 - (6 - 0) - -2) + -1 + 4).
-35
What is (34 - 4 - 8) + (62 - 84)?
0
What is the value of 143 + (-58 - -180) + -166?
99
11 - 1 - ((9 - 54) + 47) - -18
26
Calculate -4 - -17 - (-742 + 728).
27
What is -27 - (-64 + -3 - -41)?
-1
Evaluate 21 - 0 - (2 - (-4 - 15 - -11)).
11
What is the value of 0 + -14 + (-19 - (-18 + 18 + -46)) - 23?
-10
Calculate (1 + 0 + -8 - -1) + (102 - -65 - 116).
45
What is -77 + 25 + 28 - -31?
7
What is the value of 1281 - 1280 - (5 - (3 - (-2 - 33)))?
34
Evaluate 18 + (-4 - -2 - (102 + -99)) + -1.
12
Calculate 61 + (89 + -53 - -5) - (-8 - 2).
112
9 + -6 + -1 + -25 + 15 + -41
-49
What is (1 - -13) + -1592 + 1548?
-30
13 - (-5 - (29 + -10 - 31)) - -114
120
60 - 0 - (234 - 212)
38
What is (24 + -8 - -12 - (26 + -16)) + -7?
11
(-182 - -177) + 4 + (-3 + 2 - -1) - -6
5
Evaluate 9 - (1 + -10 - ((-17 - (14 + -14)) + 7)).
8
Calculate -17 + 12 - (-19 + (29 - 2) + -1 + 69).
-81
Evaluate 2 + (-4 - (-28 - -14)) + (0 - -19).
31
What is the value of 40 - (41 - -9 - 49) - 34?
5
Evaluate -42 - -46 - (4 + 2) - (0 - (14 - -5)).
17
Evaluate 26 - (15 - (14 - 8)) - (-66 - -1).
82
-10 - (14 - 25 - 82) - (3 + 18)
62
Calculate 34 - (-14 + 21 - 11 - -1).
37
(-83 - -4) + -28 - -77
-30
Evaluate -2 + -2 + -45 - (56 + -53 + -15).
-37
Calculate (-17 - -70 - 41) + -15 + 2 + 11.
10
Calculate 20 + (12 + (11 + -2 - 6) - 12).
23
What is 55 - -7 - (367 - 318)?
13
-11 - (9 + -24) - (-59 - -14)
49
What is -40 + (-2 - (-42 + 15))?
-15
What is -2 - 79 - (3 + 3 + -16 + 13 + -13)?
-71
Calculate -1 - (-41 + -2 + -684 + 692).
34
Calculate (25 - 2) + -2 - (-27 + -5).
53
Evaluate (-2 + -15 - -5) + (8 - -17) - -24.
37
Evaluate (4 + 3 - (-40 + -1)) + (-16 + -17 - -34).
49
Evaluate -26 - ((-4 - 5) + (17 - (12 - 7))).
-29
Evaluate 13 - (-1 - 17 - (69 + 116 + -96)).
120
What is the value of (-31 + 29 - -43) + 5 + -22?
24
Calculate -2 + 126 + -5 + -71 + (55 - -32).
135
What is 23 + (30 + 90 - 267)?
-124
What is the value of -115 + (11 + 2 - (15 - (15 + 6)))?
-96
(-5 - 21 - -31) + 16
21
What is the value of (4 - 41 - -23 - -1 - -19) + (1 - -69)?
76
Evaluate -96 + 56 + 18 - (53 + 1).
-76
Calculate (-106 + 63 - 7) + -40.
-90
Calculate -227 + -14 + (53 - -100).
-88
What is (7 - 156) + -214 + 293?
-70
Calculate (3 + -6 - (12 - (12 + -6))) + -74.
-83
What is 27 + (62 + -27 - (22 - -2)) + 0?
38
What is the value of (-60 - -29) + 41 + 41?
51
56 - ((0 - -2) + -14 - (29 - 26 - 27))
44
Calculate 9 + 856 + -850 + 1 + (4 - 2).
18
What is -92 - (33 - (-4 + 18 + 27))?
-84
What is the value of -2 + (-1 + -2 - (89 - 83) - 4)?
-15
Evaluate (1163 - 1113) + 6 + -2.
54
What is (-16 - (2 - (22 - -6))) + -7?
3
Evaluate (100 - 45) + -70 + 23.
8
-24 - (77 + -38 + 10)
-73
Calculate 0 + (-79 - (9 - (-13 - (-17 + -10) - -6))).
-68
What is (-63 + -96 - -157) + 1 + 83?
82
What is the value of (-80 - -24 - -23) + -4 + -12 + 5?
-44
Evaluate (-30 - (-18 + 8)) + 14 + -74.
-80
60 + -84 - ((6 + -4 - -6) + 0)
-32
Calculate 51 - (-25 + 74) - (13 - -63 - (3 + 1)).
-70
(-39 - (14 + (-110 - -64))) + -13 + 1
-19
What is the value of -17 - (-1 + -22 + -4) - -24?
34
-21 + (19 - -8) + -6 - 12
-12
-1 - -36 - (6 - (12 - -1 - 14 - -11))
39
Evaluate (-295 + 294 - (55 - -2)) + 14.
-44
Calculate -2 + (0 + 3 - (-1 - -54)) + (-199 - -195).
-56
Calculate (31 - (6 - 1)) + -1 - ((-13 - -7) + 1).
30
What is the value of -36 + (19 + -15 - 14) - 1?
-47
Calculate -2 - (5 + 8 - (3 - -57)) - 4.
41
What is the value of 69 + 95 + -13 - (2 + 11)?
138
What is the value of -38 + -2 + 1 - (47 - (126 - 72))?
-32
What is the value of (-432 - -442) + (-8 + -2 + 6 - (-1 - 7))?
14
Calculate -924 - -1068 - (5 + 117).
22
-2 + (-11 - -60) - 12
35
What is the value of -37 - (-5 - (1 + -16 - (-298 + 297)))?
-46
What is -78 + 16 + -2 + -7 - -1 - (3 - 12)?
-61
Evaluate (1281 - 1241) + (-3 - -19) + -2.
54
-31 + 2 + 36 - 